greatest common divisor of h and t?
5
Let s(n) be the first derivative of 56*n**3/3 - n**2/2 - n + 1. Let a be s(-1). Let q = 36 + -22. Calculate the highest common factor of q and a.
14
Suppose 26 = 5*b + 1. Suppose p = 3, 3*p - 6*p - 36 = -b*h. Calculate the highest common factor of h and 18.
9
Suppose 0 = 63*t - 57*t - 336. Calculate the greatest common divisor of t and 8.
8
Suppose 5*g = 8 + 62. Calculate the highest common divisor of g and 35.
7
Let s be (-2 + (-1 - 1))*-1. Suppose 10*g + 4 = 5*g - 2*i, -g - s*i = 8. Suppose -12 = -z - g*z. Calculate the greatest common divisor of 8 and z.
4
Let c be 4/(-24)*4*-30. Let i(s) be the second derivative of s**3/3 - 4*s**2 + 2*s. Let x be i(8). What is the greatest common factor of x and c?
4
Suppose -3*b + 0*b = 4*a - 23, 2*b - 4 = 3*a. Let t be 28/(-6)*(-20 + a). Calculate the highest common factor of 12 and t.
12
Suppose 5 + 15 = 3*r - 2*j, 2*j = r - 12. Suppose -r*t + t = -21. Suppose 168 = -30*i + 36*i. Calculate the highest common divisor of t and i.
7
Suppose 0 + 2 = 2*a + 5*i, -3*a - 2*i = -3. Let r be 6/3 - (-15 - a). Calculate the greatest common factor of r and 6.
6
Suppose 0 = 5*n - 11 + 1. Suppose -2*m - 11 = u - 4, -2 = -4*u - n*m. Calculate the greatest common divisor of u and 21.
3
Suppose -2*o + 16 + 15 = 5*z, 3*o - 38 = z. Suppose 3*n + 65 = -13. Let v be (-4)/n - (-336)/13. Calculate the highest common factor of v and o.
13
Let t(k) = k + 6. Let s be t(-11). Let z be (-62)/s - 42/(-70). Calculate the highest common divisor of 13 and z.
13
Let m(q) = q**2 - 1. Let v(i) = -5*i**2 - 4*i - 7. Let h(j) = 6*m(j) + v(j). Let c be h(7). Calculate the greatest common factor of c and 32.
8
Let g(z) = z**2 - z + 1. Let a be g(2). Suppose 5*h = 10 + 5. Calculate the highest common factor of a and h.
3
Let n(i) = -i**3 + 5*i**2 + i - 3. Let c be n(-5). Suppose -7*l + 12*l - 110 = 0. What is the greatest common divisor of l and c?
22
Suppose 0 = 2*z - 142 + 106. Calculate the greatest common divisor of 18 and z.
18
Let h(y) = -y + 1. Let u be h(-5). Let a(k) = -k**2 + 14*k - k**2 + k**2. Let i be a(u). What is the greatest common divisor of i and 6?
6
Let i(l) = -l**2 - 3*l + 9. Let r be i(-4). Let d be 42 + 2 + -2 + 3. Calculate the greatest common divisor of r and d.
5
Let g(k) = k + 5. Let i be g(-11). Let j(c) = c + 13. Let l be j(i). What is the greatest common divisor of 35 and l?
7
Suppose h + 22 = o, -o - 4*o = 3*h - 110. Let p = 78 + 98. What is the highest common factor of p and o?
22
Suppose 5*q - 52 = q. Suppose 0 = h + 3*l - 8, l = 4 - 0. Let c = h + q. What is the highest common factor of c and 36?
9
Let k(l) = l**3 + 7*l**2 + 3*l + 5. Suppose 0 = -4*p - 5*q - 0*q, 3*p + 4*q - 1 = 0. Let d be k(p). What is the greatest common factor of 10 and d?
10
Suppose 0 = 3*r + 10 + 5. Let s be (-6)/(-15) + (-248)/r. Suppose -2*i + 5*i - 30 = 0. Calculate the greatest common factor of i and s.
10
Suppose 0 = -0*d - 3*d. Suppose -4*u + d*y + 81 = 5*y, 80 = 4*u + 4*y. Let k = u + -3. What is the greatest common divisor of 2 and k?
2
Suppose -t + 2*v + 46 = 0, 0 = 5*t - 0*v + v - 197. What is the greatest common divisor of 5 and t?
5
Let c(w) = -w + 3 - 3 - 4 + w**2. Let y be c(-6). What is the highest common factor of 57 and y?
19
Let l be (-2 + 5)/3 + 3. Suppose l*i - i = 0. Suppose i*x = -5*x + 30. Calculate the highest common factor of 54 and x.
6
Let m be 8/(-12)*(-9)/2. Suppose 0 = -m*t + 7*t - 20. What is the highest common factor of 10 and t?
5
Let n be ((-3)/(-2))/(39/1144). What is the greatest common factor of 66 and n?
22
Suppose 4*k = 19 + 65. Let y be (-392)/(-6)*(78/14 + -3). What is the greatest common factor of y and k?
21
Let i be 6/27 + 480/27. Suppose -2*m + 0*m + i = 0. Suppose -m - 67 = -4*q. What is the greatest common divisor of 114 and q?
19
Let w(r) = -r**2 + 2*r + 3. Let g be w(2). Let u = 4 + -2. What is the greatest common factor of g and u?
1
Let h = 21 + -3. Suppose -3*s + 4*s = h. What is the greatest common factor of 90 and s?
18
Suppose -3*g - 134 = -5*z, -g = 5*z + 2*g - 146. What is the highest common divisor of z and 196?
28
Suppose -x + 529 - 176 = 0. Suppose -3*q - v = -x, -q - 5*v - 496 = -5*q. Let t = -73 + 90. What is the highest common factor of t and q?
17
Let m(c) = -c**2 - 15*c - 6. Let q be m(-12). Calculate the highest common factor of q and 45.
15
Let s = 19 - 16. Suppose -5*u - s*g = -25, -2*u + g + 4*g + 41 = 0. Let h = 64 - 40. What is the highest common factor of u and h?
8
Let z(w) = 3*w**2 - 6*w - 5. Let y be z(-2). What is the highest common factor of 171 and y?
19
Suppose 3*k = -2*q + 70, 3*k = 2*q + 3*q + 98. Calculate the greatest common divisor of 208 and k.
26
Suppose 13 = f - 14. What is the greatest common divisor of f and 63?
9
Let n = -35 + 107. Calculate the highest common divisor of 4 and n.
4
Suppose 0*d - 35 = -4*d + j, 4 = 4*j. What is the greatest common factor of d and 63?
9
Let h be (-15)/10 + 2 - 178/(-4). What is the greatest common factor of 5 and h?
5
Let k(b) be the third derivative of b**5/60 - b**4/4 - b**3/2 + 2*b**2. Let g be k(7). Calculate the greatest common divisor of g and 6.
2
Let z be 4 - (-3 + (2 - -2)). Calculate the highest common factor of 9 and z.
3
Let i be ((-25)/20)/((-1)/56). What is the highest common divisor of i and 105?
35
Let a = 8 + -5. Suppose -3*d + 2*v + 144 = -3*v, -a*d - 5*v = -144. Calculate the greatest common divisor of 16 and d.
16
Suppose -5*i + 22 + 3 = 0. Suppose i*r = -20, 156 - 668 = -5*y + 3*r. What is the greatest common factor of y and 10?
10
Let x(o) = o + 8. Let g be x(-6). Let y(u) = 3*u**3 - 2*u**2 + 2*u - 1. Let i be y(g). What is the highest common factor of i and 57?
19
Let p be ((-32)/80)/((-2)/110). Calculate the highest common factor of p and 11.
11
Let a(o) = o**3 - 14*o**2 - 30*o - 22. Let s be a(16). Suppose 0 = 3*h - 32 - 88. What is the greatest common divisor of h and s?
10
Suppose -h - 4 + 9 = 0. Let j = 0 + h. What is the highest common factor of j and 1?
1
Let b be (561/(-68))/(1/(-4)). Let g(w) = -w**3 - 7*w**2 - 6*w + 3. Let r be g(-6). What is the highest common divisor of r and b?
3
Suppose 2*x - 12 - 3 = -5*g, -3*g + 3*x + 9 = 0. What is the greatest common factor of 9 and g?
3
Let a(z) = 47*z - 8. Let i be a(3). What is the highest common factor of 19 and i?
19
Suppose -8 = -2*r, -4*s + 4*r = -213 + 33. Calculate the greatest common factor of s and 7.
7
Suppose 0 = 2*y - 2*p - 245 - 197, 0 = -5*y + 2*p + 1117. Let g be y/21 - (-4)/14. Calculate the greatest common divisor of g and 55.
11
Suppose -11*n + 2*n = -765. What is the greatest common divisor of n and 17?
17
Let b be 978/27 - 2/9. Calculate the highest common divisor of 54 and b.
18
Let o = 17 + -15. Suppose -34 = -o*t - 10. What is the highest common factor of 48 and t?
12
Let j(a) = a + 15. Let n be j(-13). What is the highest common divisor of n and 6?
2
Let x be ((-7)/4)/((-2)/152). Let n = 83 + x. Let u = n - 104. Calculate the greatest common factor of u and 14.
14
Suppose 6*w + z = w + 99, -z - 61 = -3*w. Let r = w + 0. Calculate the highest common factor of r and 5.
5
Let i = -2 + 5. Let q be 3/(3*i/126). Suppose -3*g + q = 6. Calculate the greatest common divisor of 18 and g.
6
Let l = -3 - -5. Suppose l*o = -3*o. Suppose 3*m + 9 = 0, -274 = -5*d - o*d - 2*m. Calculate the highest common divisor of d and 8.
8
Let n be (-585)/(-81) + 5 + 2/(-9). Calculate the highest common divisor of 60 and n.
12
Suppose 0 = -3*l + 6 + 42. Suppose 2 = 4*v + 5*i, 3*v + v = 2*i + l. What is the highest common divisor of 21 and v?
3
Let x be (9*(2 - 4))/(-2). Suppose 5*q + 3*n = -50, 2 + 3 = -n. Let o(y) = -y**2 - 7*y + 9. Let r be o(q). What is the greatest common factor of x and r?
9
Let z be (8/(-10))/((-6)/15). Suppose 6*r - 12 = z*r. Suppose -r*o = -41 - 22. Calculate the highest common factor of 168 and o.
21
Suppose -3*b = 2*b - 50. Suppose 5*t - 120 = t. What is the greatest common factor of b and t?
10
Let y be 390/6 - (0 - -1). What is the highest common factor of 8 and y?
8
Suppose 0 = -a + 2*a - 15. What is the greatest common divisor of a and 75?
15
Suppose 0 = -4*t - 0 - 8. Let d = 4 + t. Suppose 2 + d = q, q + 64 = 4*k. Calculate the highest common divisor of k and 119.
17
Let m(y